{"id":482,"date":"2015-11-13T13:00:03","date_gmt":"2015-11-13T13:00:03","guid":{"rendered":"https:\/\/xml-io.proteusthemes.com\/structurepress\/?page_id=482"},"modified":"2024-05-06T14:29:35","modified_gmt":"2024-05-06T14:29:35","slug":"cubiertas","status":"publish","type":"page","link":"https:\/\/byronabril.com\/imperobras\/soluciones\/cubiertas\/","title":{"rendered":"Cubiertas"},"content":{"rendered":"<div id=\"pl-482\"  class=\"panel-layout\" ><div id=\"pg-482-0\"  class=\"panel-grid panel-no-style\" ><div id=\"pgc-482-0-0\"  class=\"panel-grid-cell\" ><div id=\"panel-482-0-0-0\" class=\"so-panel widget widget_sow-editor panel-first-child\" data-index=\"0\" ><div\n\t\t\t\n\t\t\tclass=\"so-widget-sow-editor so-widget-sow-editor-base\"\n\t\t\t\n\t\t>\n<div class=\"siteorigin-widget-tinymce textwidget\">\n\t<p>La impermeabilizaci\u00f3n de cubiertas es un aspecto cr\u00edtico en la protecci\u00f3n y mantenimiento de estructuras contra la intrusi\u00f3n de humedad. Una empresa experta en este campo opera con un enfoque multifac\u00e9tico que abarca desde la evaluaci\u00f3n inicial hasta la aplicaci\u00f3n precisa de materiales especializados, junto con un plan de mantenimiento proactivo.<\/p>\n<p>La selecci\u00f3n de materiales es una consideraci\u00f3n cr\u00edtica. Las membranas impermeabilizantes de alta calidad, como las de PVC, TPO o EPDM, son preferidas por su durabilidad y resistencia a la intemperie. Adem\u00e1s, los sistemas de sellado y refuerzo, como las cintas adhesivas y los refuerzos de poli\u00e9ster, se eligen en funci\u00f3n de las caracter\u00edsticas espec\u00edficas de la cubierta y del entorno circundante.<\/p>\n<p>El mantenimiento continuo es esencial para preservar la integridad del sistema de impermeabilizaci\u00f3n. Esto implica programas regulares de inspecci\u00f3n y limpieza, durante los cuales se identifican y abordan de manera proactiva cualquier da\u00f1o o desgaste. Las reparaciones menores se llevan a cabo de inmediato para prevenir la propagaci\u00f3n de problemas y minimizar los costos a largo plazo.<\/p>\n<\/div>\n<\/div><\/div><div id=\"panel-482-0-0-1\" class=\"so-panel widget widget_pw_accordion widget-accordion panel-last-child\" data-index=\"1\" >\t<div class=\"accordion panel-group\" id=\"accordion-widget-0-0-1\" role=\"tablist\" aria-multiselectable=\"true\">\n\t\t\t<div class=\"accordion__panel  panel  panel-default\">\n\t\t\t<div class=\"accordion__heading  panel-heading\" role=\"tab\" id=\"heading-widget-0-0-1-1\">\n\t\t\t\t<h4 class=\"panel-title\">\n\t\t\t\t\t<a class=\"collapsed\" role=\"button\" data-toggle=\"collapse\" data-parent=\"#accordion-widget-0-0-1\" href=\"#collapse-widget-0-0-1-1\" aria-expanded=\"false\" aria-controls=\"collapse-widget-0-0-1-1\">\n\t\t\t\t\t\tConsultas\t\t\t\t\t<\/a>\n\t\t\t\t<\/h4>\n\t\t\t<\/div>\n\t\t\t<div id=\"collapse-widget-0-0-1-1\" class=\"accordion__content  panel-collapse  collapse\" role=\"tabpanel\" aria-labelledby=\"heading-widget-0-0-1-1\">\n\t\t\t\t<div class=\"panel-body\">\n\t\t\t\t\tEn Imperobras estamos dispuestos a solucionar cualquier inquietud que tenga al respecto de la impermeabilizaci\u00f3n de sus cubiertas, no dude en contactarnos a trav\u00e9s de nuestro correo o el whatsapp que est\u00e1 al final de esta p\u00e1gina\t\t\t\t<\/div>\n\t\t\t<\/div>\n\t\t<\/div>\n\t\t\t<div class=\"accordion__panel  panel  panel-default\">\n\t\t\t<div class=\"accordion__heading  panel-heading\" role=\"tab\" id=\"heading-widget-0-0-1-2\">\n\t\t\t\t<h4 class=\"panel-title\">\n\t\t\t\t\t<a class=\"collapsed\" role=\"button\" data-toggle=\"collapse\" data-parent=\"#accordion-widget-0-0-1\" href=\"#collapse-widget-0-0-1-2\" aria-expanded=\"false\" aria-controls=\"collapse-widget-0-0-1-2\">\n\t\t\t\t\t\tPlanes y reportes\t\t\t\t\t<\/a>\n\t\t\t\t<\/h4>\n\t\t\t<\/div>\n\t\t\t<div id=\"collapse-widget-0-0-1-2\" class=\"accordion__content  panel-collapse  collapse\" role=\"tabpanel\" aria-labelledby=\"heading-widget-0-0-1-2\">\n\t\t\t\t<div class=\"panel-body\">\n\t\t\t\t\tInd\u00edquenos cu\u00e1l es el problema en su cubierta, nuestros expertos har\u00e1n un plan completo para que usted pueda entender de la mejor manera, cu\u00e1les son los pasos a seguir para resolver las humedades o filtraciones de su cubierta.\t\t\t\t<\/div>\n\t\t\t<\/div>\n\t\t<\/div>\n\t\t\t<div class=\"accordion__panel  panel  panel-default\">\n\t\t\t<div class=\"accordion__heading  panel-heading\" role=\"tab\" id=\"heading-widget-0-0-1-3\">\n\t\t\t\t<h4 class=\"panel-title\">\n\t\t\t\t\t<a class=\"collapsed\" role=\"button\" data-toggle=\"collapse\" data-parent=\"#accordion-widget-0-0-1\" href=\"#collapse-widget-0-0-1-3\" aria-expanded=\"false\" aria-controls=\"collapse-widget-0-0-1-3\">\n\t\t\t\t\t\tMateriales\t\t\t\t\t<\/a>\n\t\t\t\t<\/h4>\n\t\t\t<\/div>\n\t\t\t<div id=\"collapse-widget-0-0-1-3\" class=\"accordion__content  panel-collapse  collapse\" role=\"tabpanel\" aria-labelledby=\"heading-widget-0-0-1-3\">\n\t\t\t\t<div class=\"panel-body\">\n\t\t\t\t\tSiempre le recomendaremos la mejor soluci\u00f3n en procedimiento y materiales, para que usted y sus espacios est\u00e9n protegidos de la mejor manera.\t\t\t\t<\/div>\n\t\t\t<\/div>\n\t\t<\/div>\n\t\t\t<\/div>\n\n<\/div><\/div><div id=\"pgc-482-0-1\"  class=\"panel-grid-cell\" ><div id=\"panel-482-0-1-0\" class=\"so-panel widget widget_sow-editor panel-first-child panel-last-child\" data-index=\"2\" ><div class=\"panel-widget-style panel-widget-style-for-482-0-1-0\" ><div\n\t\t\t\n\t\t\tclass=\"so-widget-sow-editor so-widget-sow-editor-base\"\n\t\t\t\n\t\t>\n<div class=\"siteorigin-widget-tinymce textwidget\">\n\t<p><img data-recalc-dims=\"1\" loading=\"lazy\" decoding=\"async\" class=\"alignnone wp-image-1215 \" src=\"https:\/\/i0.wp.com\/byronabril.com\/imperobras\/wp-content\/uploads\/2024\/05\/soluciones-3.jpg?resize=840%2C465&#038;ssl=1\" alt=\"\" width=\"840\" height=\"465\" srcset=\"https:\/\/i0.wp.com\/byronabril.com\/imperobras\/wp-content\/uploads\/2024\/05\/soluciones-3.jpg?resize=300%2C166&amp;ssl=1 300w, https:\/\/i0.wp.com\/byronabril.com\/imperobras\/wp-content\/uploads\/2024\/05\/soluciones-3.jpg?resize=540%2C299&amp;ssl=1 540w, https:\/\/i0.wp.com\/byronabril.com\/imperobras\/wp-content\/uploads\/2024\/05\/soluciones-3.jpg?resize=600%2C332&amp;ssl=1 600w, https:\/\/i0.wp.com\/byronabril.com\/imperobras\/wp-content\/uploads\/2024\/05\/soluciones-3.jpg?w=765&amp;ssl=1 765w\" sizes=\"auto, (max-width: 840px) 100vw, 840px\" \/><\/p>\n<p><img data-recalc-dims=\"1\" loading=\"lazy\" decoding=\"async\" class=\"alignnone wp-image-1214 \" src=\"https:\/\/i0.wp.com\/byronabril.com\/imperobras\/wp-content\/uploads\/2024\/05\/soluciones-2.jpg?resize=840%2C465&#038;ssl=1\" alt=\"\" width=\"840\" height=\"465\" srcset=\"https:\/\/i0.wp.com\/byronabril.com\/imperobras\/wp-content\/uploads\/2024\/05\/soluciones-2.jpg?resize=300%2C166&amp;ssl=1 300w, https:\/\/i0.wp.com\/byronabril.com\/imperobras\/wp-content\/uploads\/2024\/05\/soluciones-2.jpg?resize=540%2C299&amp;ssl=1 540w, https:\/\/i0.wp.com\/byronabril.com\/imperobras\/wp-content\/uploads\/2024\/05\/soluciones-2.jpg?resize=600%2C332&amp;ssl=1 600w, https:\/\/i0.wp.com\/byronabril.com\/imperobras\/wp-content\/uploads\/2024\/05\/soluciones-2.jpg?w=765&amp;ssl=1 765w\" sizes=\"auto, (max-width: 840px) 100vw, 840px\" \/><\/p>\n<p><img data-recalc-dims=\"1\" loading=\"lazy\" decoding=\"async\" class=\"alignnone wp-image-1213 \" src=\"https:\/\/i0.wp.com\/byronabril.com\/imperobras\/wp-content\/uploads\/2024\/05\/soluciones-1.jpg?resize=839%2C464&#038;ssl=1\" alt=\"\" width=\"839\" height=\"464\" srcset=\"https:\/\/i0.wp.com\/byronabril.com\/imperobras\/wp-content\/uploads\/2024\/05\/soluciones-1.jpg?resize=300%2C166&amp;ssl=1 300w, https:\/\/i0.wp.com\/byronabril.com\/imperobras\/wp-content\/uploads\/2024\/05\/soluciones-1.jpg?resize=540%2C299&amp;ssl=1 540w, https:\/\/i0.wp.com\/byronabril.com\/imperobras\/wp-content\/uploads\/2024\/05\/soluciones-1.jpg?resize=600%2C332&amp;ssl=1 600w, https:\/\/i0.wp.com\/byronabril.com\/imperobras\/wp-content\/uploads\/2024\/05\/soluciones-1.jpg?w=765&amp;ssl=1 765w\" sizes=\"auto, (max-width: 839px) 100vw, 839px\" \/><\/p>\n<\/div>\n<\/div><\/div><\/div><\/div><\/div><\/div>","protected":false},"excerpt":{"rendered":"<p>La impermeabilizaci\u00f3n de cubiertas es un aspecto cr\u00edtico en la protecci\u00f3n y mantenimiento de estructuras contra la intrusi\u00f3n de humedad. Una empresa experta en este campo opera con un enfoque multifac\u00e9tico que abarca desde la evaluaci\u00f3n inicial hasta la aplicaci\u00f3n precisa de materiales especializados, junto con un plan de mantenimiento proactivo. La selecci\u00f3n de materiales &hellip;<\/p>\n","protected":false},"author":1,"featured_media":1215,"parent":43,"menu_order":0,"comment_status":"closed","ping_status":"closed","template":"","meta":{"_acf_changed":false,"nf_dc_page":"","om_disable_all_campaigns":false,"_monsterinsights_skip_tracking":false,"_monsterinsights_sitenote_active":false,"_monsterinsights_sitenote_note":"","_monsterinsights_sitenote_category":0,"footnotes":""},"class_list":["post-482","page","type-page","status-publish","has-post-thumbnail","hentry"],"acf":[],"jetpack_sharing_enabled":true,"_links":{"self":[{"href":"https:\/\/byronabril.com\/imperobras\/wp-json\/wp\/v2\/pages\/482","targetHints":{"allow":["GET"]}}],"collection":[{"href":"https:\/\/byronabril.com\/imperobras\/wp-json\/wp\/v2\/pages"}],"about":[{"href":"https:\/\/byronabril.com\/imperobras\/wp-json\/wp\/v2\/types\/page"}],"author":[{"embeddable":true,"href":"https:\/\/byronabril.com\/imperobras\/wp-json\/wp\/v2\/users\/1"}],"replies":[{"embeddable":true,"href":"https:\/\/byronabril.com\/imperobras\/wp-json\/wp\/v2\/comments?post=482"}],"version-history":[{"count":4,"href":"https:\/\/byronabril.com\/imperobras\/wp-json\/wp\/v2\/pages\/482\/revisions"}],"predecessor-version":[{"id":1216,"href":"https:\/\/byronabril.com\/imperobras\/wp-json\/wp\/v2\/pages\/482\/revisions\/1216"}],"up":[{"embeddable":true,"href":"https:\/\/byronabril.com\/imperobras\/wp-json\/wp\/v2\/pages\/43"}],"wp:featuredmedia":[{"embeddable":true,"href":"https:\/\/byronabril.com\/imperobras\/wp-json\/wp\/v2\/media\/1215"}],"wp:attachment":[{"href":"https:\/\/byronabril.com\/imperobras\/wp-json\/wp\/v2\/media?parent=482"}],"curies":[{"name":"wp","href":"https:\/\/api.w.org\/{rel}","templated":true}]}}