{"id":477,"date":"2015-11-13T12:55:00","date_gmt":"2015-11-13T12:55:00","guid":{"rendered":"https:\/\/xml-io.proteusthemes.com\/structurepress\/?page_id=477"},"modified":"2024-05-09T02:29:29","modified_gmt":"2024-05-09T02:29:29","slug":"terrazas","status":"publish","type":"page","link":"https:\/\/byronabril.com\/imperobras\/soluciones\/terrazas\/","title":{"rendered":"Terrazas"},"content":{"rendered":"<div id=\"pl-477\"  class=\"panel-layout\" ><div id=\"pg-477-0\"  class=\"panel-grid panel-no-style\" ><div id=\"pgc-477-0-0\"  class=\"panel-grid-cell\" ><div id=\"panel-477-0-0-0\" class=\"so-panel widget widget_sow-editor panel-first-child panel-last-child\" data-index=\"0\" ><div\n\t\t\t\n\t\t\tclass=\"so-widget-sow-editor so-widget-sow-editor-base\"\n\t\t\t\n\t\t>\n<div class=\"siteorigin-widget-tinymce textwidget\">\n\t<div class=\"flex flex-grow flex-col max-w-full\">\n<div class=\"min-h-[20px] text-message flex flex-col items-start whitespace-pre-wrap break-words [.text-message+&amp;]:mt-5 overflow-x-auto gap-3\" dir=\"auto\" data-message-author-role=\"assistant\" data-message-id=\"0bf40a05-80c8-481c-9d9e-6b048f0893b8\">\n<div class=\"markdown prose w-full break-words dark:prose-invert dark\">\n<p>&nbsp;<\/p>\n<hr \/>\n<p><strong>Protegiendo tu Espacio al Aire Libre: Impermeabilizaci\u00f3n Profesional de Terrazas<\/strong><\/p>\n<p><strong>Evaluaci\u00f3n Inicial:<\/strong> El proceso comienza con una evaluaci\u00f3n exhaustiva de la terraza, que incluye la inspecci\u00f3n de la estructura, el sustrato y cualquier detalle arquitect\u00f3nico. Se identifican \u00e1reas vulnerables, como juntas, grietas, desag\u00fces y puntos de penetraci\u00f3n, para desarrollar un plan de impermeabilizaci\u00f3n adaptado a las necesidades espec\u00edficas de la terraza.<\/p>\n<p><strong>Preparaci\u00f3n del Sustrato:<\/strong> Antes de aplicar cualquier material impermeabilizante, es crucial preparar adecuadamente el sustrato. Esto puede implicar la reparaci\u00f3n de grietas, el nivelado de superficies irregulares y la eliminaci\u00f3n de cualquier residuo que pueda interferir con la adherencia de los materiales.<\/p>\n<p><strong>Selecci\u00f3n de Materiales:<\/strong> La elecci\u00f3n de los materiales adecuados es fundamental para garantizar una protecci\u00f3n efectiva y duradera. Las membranas impermeabilizantes de alta calidad, como las de poliuretano, PVC o EPDM, son ideales para terrazas debido a su resistencia a la intemperie y su flexibilidad.<\/p>\n<p><strong>Aplicaci\u00f3n Profesional:<\/strong> La aplicaci\u00f3n de los materiales impermeabilizantes debe realizarse por personal capacitado y experimentado. Se emplean t\u00e9cnicas precisas para garantizar una cobertura uniforme y una adherencia adecuada a todas las superficies. Se prestan especial atenci\u00f3n a los detalles cr\u00edticos, como las esquinas, los bordes y las \u00e1reas alrededor de los desag\u00fces.<\/p>\n<\/div>\n<\/div>\n<\/div>\n<\/div>\n<\/div><\/div><\/div><div id=\"pgc-477-0-1\"  class=\"panel-grid-cell\" ><div id=\"panel-477-0-1-0\" class=\"so-panel widget widget_sow-editor panel-first-child panel-last-child\" data-index=\"1\" ><div\n\t\t\t\n\t\t\tclass=\"so-widget-sow-editor so-widget-sow-editor-base\"\n\t\t\t\n\t\t>\n<div class=\"siteorigin-widget-tinymce textwidget\">\n\t<p><img data-recalc-dims=\"1\" loading=\"lazy\" decoding=\"async\" class=\"alignnone wp-image-1224 size-full\" src=\"https:\/\/i0.wp.com\/byronabril.com\/imperobras\/wp-content\/uploads\/2024\/05\/terrazas-1.jpg?resize=765%2C423&#038;ssl=1\" alt=\"\" width=\"765\" height=\"423\" srcset=\"https:\/\/i0.wp.com\/byronabril.com\/imperobras\/wp-content\/uploads\/2024\/05\/terrazas-1.jpg?w=765&amp;ssl=1 765w, https:\/\/i0.wp.com\/byronabril.com\/imperobras\/wp-content\/uploads\/2024\/05\/terrazas-1.jpg?resize=300%2C166&amp;ssl=1 300w, https:\/\/i0.wp.com\/byronabril.com\/imperobras\/wp-content\/uploads\/2024\/05\/terrazas-1.jpg?resize=540%2C299&amp;ssl=1 540w, https:\/\/i0.wp.com\/byronabril.com\/imperobras\/wp-content\/uploads\/2024\/05\/terrazas-1.jpg?resize=600%2C332&amp;ssl=1 600w\" sizes=\"auto, (max-width: 765px) 100vw, 765px\" \/><\/p>\n<p><img data-recalc-dims=\"1\" loading=\"lazy\" decoding=\"async\" class=\"alignnone wp-image-1225 size-full\" src=\"https:\/\/i0.wp.com\/byronabril.com\/imperobras\/wp-content\/uploads\/2024\/05\/terrazas-2.jpg?resize=765%2C423&#038;ssl=1\" alt=\"\" width=\"765\" height=\"423\" srcset=\"https:\/\/i0.wp.com\/byronabril.com\/imperobras\/wp-content\/uploads\/2024\/05\/terrazas-2.jpg?w=765&amp;ssl=1 765w, https:\/\/i0.wp.com\/byronabril.com\/imperobras\/wp-content\/uploads\/2024\/05\/terrazas-2.jpg?resize=300%2C166&amp;ssl=1 300w, https:\/\/i0.wp.com\/byronabril.com\/imperobras\/wp-content\/uploads\/2024\/05\/terrazas-2.jpg?resize=540%2C299&amp;ssl=1 540w, https:\/\/i0.wp.com\/byronabril.com\/imperobras\/wp-content\/uploads\/2024\/05\/terrazas-2.jpg?resize=600%2C332&amp;ssl=1 600w\" sizes=\"auto, (max-width: 765px) 100vw, 765px\" \/><\/p>\n<\/div>\n<\/div><\/div><\/div><\/div><\/div>","protected":false},"excerpt":{"rendered":"<p>&nbsp; Protegiendo tu Espacio al Aire Libre: Impermeabilizaci\u00f3n Profesional de Terrazas Evaluaci\u00f3n Inicial: El proceso comienza con una evaluaci\u00f3n exhaustiva de la terraza, que incluye la inspecci\u00f3n de la estructura, el sustrato y cualquier detalle arquitect\u00f3nico. Se identifican \u00e1reas vulnerables, como juntas, grietas, desag\u00fces y puntos de penetraci\u00f3n, para desarrollar un plan de impermeabilizaci\u00f3n adaptado &hellip;<\/p>\n","protected":false},"author":1,"featured_media":1224,"parent":43,"menu_order":0,"comment_status":"closed","ping_status":"closed","template":"","meta":{"_acf_changed":false,"nf_dc_page":"","om_disable_all_campaigns":false,"_monsterinsights_skip_tracking":false,"_monsterinsights_sitenote_active":false,"_monsterinsights_sitenote_note":"","_monsterinsights_sitenote_category":0,"footnotes":""},"class_list":["post-477","page","type-page","status-publish","has-post-thumbnail","hentry"],"acf":[],"jetpack_sharing_enabled":true,"_links":{"self":[{"href":"https:\/\/byronabril.com\/imperobras\/wp-json\/wp\/v2\/pages\/477","targetHints":{"allow":["GET"]}}],"collection":[{"href":"https:\/\/byronabril.com\/imperobras\/wp-json\/wp\/v2\/pages"}],"about":[{"href":"https:\/\/byronabril.com\/imperobras\/wp-json\/wp\/v2\/types\/page"}],"author":[{"embeddable":true,"href":"https:\/\/byronabril.com\/imperobras\/wp-json\/wp\/v2\/users\/1"}],"replies":[{"embeddable":true,"href":"https:\/\/byronabril.com\/imperobras\/wp-json\/wp\/v2\/comments?post=477"}],"version-history":[{"count":5,"href":"https:\/\/byronabril.com\/imperobras\/wp-json\/wp\/v2\/pages\/477\/revisions"}],"predecessor-version":[{"id":1365,"href":"https:\/\/byronabril.com\/imperobras\/wp-json\/wp\/v2\/pages\/477\/revisions\/1365"}],"up":[{"embeddable":true,"href":"https:\/\/byronabril.com\/imperobras\/wp-json\/wp\/v2\/pages\/43"}],"wp:featuredmedia":[{"embeddable":true,"href":"https:\/\/byronabril.com\/imperobras\/wp-json\/wp\/v2\/media\/1224"}],"wp:attachment":[{"href":"https:\/\/byronabril.com\/imperobras\/wp-json\/wp\/v2\/media?parent=477"}],"curies":[{"name":"wp","href":"https:\/\/api.w.org\/{rel}","templated":true}]}}