{"id":1368,"date":"2024-05-09T02:48:06","date_gmt":"2024-05-09T02:48:06","guid":{"rendered":"https:\/\/byronabril.com\/imperobras\/?page_id=1368"},"modified":"2024-05-09T03:39:30","modified_gmt":"2024-05-09T03:39:30","slug":"eco","status":"publish","type":"page","link":"https:\/\/byronabril.com\/imperobras\/eco\/","title":{"rendered":"Eco"},"content":{"rendered":"<div id=\"pl-1368\"  class=\"panel-layout\" ><div id=\"pg-1368-0\"  class=\"panel-grid panel-no-style\" ><div id=\"pgc-1368-0-0\"  class=\"panel-grid-cell\" ><div id=\"panel-1368-0-0-0\" class=\"so-panel widget widget_sow-editor panel-first-child panel-last-child\" data-index=\"0\" ><div\n\t\t\t\n\t\t\tclass=\"so-widget-sow-editor so-widget-sow-editor-base\"\n\t\t\t\n\t\t>\n<div class=\"siteorigin-widget-tinymce textwidget\">\n\t<p><img data-recalc-dims=\"1\" loading=\"lazy\" decoding=\"async\" class=\"alignnone wp-image-1161 size-full\" src=\"https:\/\/i0.wp.com\/byronabril.com\/imperobras\/wp-content\/uploads\/2024\/05\/planeta.jpg?resize=1140%2C392&#038;ssl=1\" alt=\"\" width=\"1140\" height=\"392\" srcset=\"https:\/\/i0.wp.com\/byronabril.com\/imperobras\/wp-content\/uploads\/2024\/05\/planeta.jpg?w=1920&amp;ssl=1 1920w, https:\/\/i0.wp.com\/byronabril.com\/imperobras\/wp-content\/uploads\/2024\/05\/planeta.jpg?resize=300%2C103&amp;ssl=1 300w, https:\/\/i0.wp.com\/byronabril.com\/imperobras\/wp-content\/uploads\/2024\/05\/planeta.jpg?resize=1024%2C352&amp;ssl=1 1024w, https:\/\/i0.wp.com\/byronabril.com\/imperobras\/wp-content\/uploads\/2024\/05\/planeta.jpg?resize=768%2C264&amp;ssl=1 768w, https:\/\/i0.wp.com\/byronabril.com\/imperobras\/wp-content\/uploads\/2024\/05\/planeta.jpg?resize=1536%2C528&amp;ssl=1 1536w, https:\/\/i0.wp.com\/byronabril.com\/imperobras\/wp-content\/uploads\/2024\/05\/planeta.jpg?resize=960%2C330&amp;ssl=1 960w, https:\/\/i0.wp.com\/byronabril.com\/imperobras\/wp-content\/uploads\/2024\/05\/planeta.jpg?resize=480%2C165&amp;ssl=1 480w, https:\/\/i0.wp.com\/byronabril.com\/imperobras\/wp-content\/uploads\/2024\/05\/planeta.jpg?resize=540%2C186&amp;ssl=1 540w, https:\/\/i0.wp.com\/byronabril.com\/imperobras\/wp-content\/uploads\/2024\/05\/planeta.jpg?resize=600%2C206&amp;ssl=1 600w\" sizes=\"auto, (max-width: 1140px) 100vw, 1140px\" \/><\/p>\n<\/div>\n<\/div><\/div><\/div><\/div><div id=\"pg-1368-1\"  class=\"panel-grid panel-no-style\" ><div id=\"pgc-1368-1-0\"  class=\"panel-grid-cell\" ><div id=\"panel-1368-1-0-0\" class=\"so-panel widget widget_sow-editor panel-first-child panel-last-child\" data-index=\"1\" ><div\n\t\t\t\n\t\t\tclass=\"so-widget-sow-editor so-widget-sow-editor-base\"\n\t\t\t\n\t\t>\n<div class=\"siteorigin-widget-tinymce textwidget\">\n\t<p>En IMPEROBRAS, estamos firmemente comprometidos con la protecci\u00f3n del medio ambiente y la pr\u00e1ctica de la sustentabilidad en todas nuestras operaciones. Reconocemos la importancia de reducir nuestro impacto ambiental y trabajar hacia un futuro m\u00e1s verde y sostenible. Por ello, nos complace presentar nuestra propuesta ecol\u00f3gica para nuestros servicios de impermeabilizaci\u00f3n y mantenimiento.<\/p>\n<\/div>\n<\/div><\/div><\/div><\/div><div id=\"pg-1368-2\"  class=\"panel-grid panel-no-style\" ><div id=\"pgc-1368-2-0\"  class=\"panel-grid-cell\" ><div id=\"panel-1368-2-0-0\" class=\"so-panel widget widget_sow-editor panel-first-child panel-last-child\" data-index=\"2\" ><div\n\t\t\t\n\t\t\tclass=\"so-widget-sow-editor so-widget-sow-editor-base\"\n\t\t\t\n\t\t>\n<div class=\"siteorigin-widget-tinymce textwidget\">\n\t<p><img data-recalc-dims=\"1\" loading=\"lazy\" decoding=\"async\" class=\"wp-image-1376 size-full aligncenter\" src=\"https:\/\/i0.wp.com\/byronabril.com\/imperobras\/wp-content\/uploads\/2024\/05\/vertical.jpg?resize=400%2C1156&#038;ssl=1\" alt=\"\" width=\"400\" height=\"1156\" srcset=\"https:\/\/i0.wp.com\/byronabril.com\/imperobras\/wp-content\/uploads\/2024\/05\/vertical.jpg?w=400&amp;ssl=1 400w, https:\/\/i0.wp.com\/byronabril.com\/imperobras\/wp-content\/uploads\/2024\/05\/vertical.jpg?resize=104%2C300&amp;ssl=1 104w, https:\/\/i0.wp.com\/byronabril.com\/imperobras\/wp-content\/uploads\/2024\/05\/vertical.jpg?resize=354%2C1024&amp;ssl=1 354w, https:\/\/i0.wp.com\/byronabril.com\/imperobras\/wp-content\/uploads\/2024\/05\/vertical.jpg?resize=187%2C540&amp;ssl=1 187w\" sizes=\"auto, (max-width: 400px) 100vw, 400px\" \/><\/p>\n<\/div>\n<\/div><\/div><\/div><div id=\"pgc-1368-2-1\"  class=\"panel-grid-cell\" ><div id=\"panel-1368-2-1-0\" class=\"so-panel widget widget_sow-editor panel-first-child panel-last-child\" data-index=\"3\" ><div\n\t\t\t\n\t\t\tclass=\"so-widget-sow-editor so-widget-sow-editor-base\"\n\t\t\t\n\t\t>\n<div class=\"siteorigin-widget-tinymce textwidget\">\n\t<p><strong>1. Uso de Materiales Eco-Amigables:<\/strong><\/p>\n<p>Nos comprometemos a utilizar materiales de impermeabilizaci\u00f3n y mantenimiento que sean respetuosos con el medio ambiente y cuenten con certificaciones de sostenibilidad.<\/p>\n<p>Optamos por productos que minimicen la emisi\u00f3n de compuestos org\u00e1nicos vol\u00e1tiles (COV) y que sean biodegradables, reduciendo as\u00ed nuestro impacto en la calidad del aire y en los ecosistemas.<\/p>\n<p><strong>2. Pr\u00e1cticas de Conservaci\u00f3n de Recursos:<\/strong><\/p>\n<p>Implementamos t\u00e9cnicas de aplicaci\u00f3n eficientes que reducen el desperdicio de materiales y minimizan el consumo de recursos naturales como el agua y la energ\u00eda.<\/p>\n<p>Fomentamos la reutilizaci\u00f3n y el reciclaje de materiales siempre que sea posible, contribuyendo as\u00ed a la econom\u00eda circular y a la reducci\u00f3n de residuos.<\/p>\n<p><strong>3. Educaci\u00f3n y Concientizaci\u00f3n Ambiental:<\/strong><\/p>\n<p>Capacitamos a nuestro personal sobre pr\u00e1cticas de trabajo seguras y respetuosas con el medio ambiente, promoviendo una cultura de responsabilidad ambiental en toda la empresa.<\/p>\n<p>Brindamos informaci\u00f3n y recursos a nuestros clientes sobre la importancia de mantener estructuras impermeabilizadas de manera sostenible y c\u00f3mo pueden contribuir a la conservaci\u00f3n del medio ambiente<\/p>\n<p><strong>4. Participaci\u00f3n en Iniciativas Comunitarias:<\/strong><\/p>\n<p>Nos comprometemos a participar en actividades y proyectos comunitarios enfocados en la conservaci\u00f3n del medio ambiente, como limpiezas de playas, reforestaci\u00f3n y programas de educaci\u00f3n ambiental.<\/p>\n<p>Buscamos colaborar con organizaciones locales y gubernamentales para promover pol\u00edticas y regulaciones ambientales m\u00e1s s\u00f3lidas y efectivas.<\/p>\n<p><strong>5. Monitorizaci\u00f3n y Mejora Continua:<\/strong><\/p>\n<p>Establecemos m\u00e9tricas de desempe\u00f1o ambiental y llevamos a cabo evaluaciones peri\u00f3dicas para monitorear nuestro progreso hacia la sustentabilidad.<\/p>\n<p>Nos comprometemos a identificar \u00e1reas de mejora y a implementar continuamente pr\u00e1cticas m\u00e1s ecol\u00f3gicas y sostenibles en todas nuestras operaciones.<\/p>\n<\/div>\n<\/div><\/div><\/div><\/div><div id=\"pg-1368-3\"  class=\"panel-grid panel-no-style\" ><div id=\"pgc-1368-3-0\"  class=\"panel-grid-cell\" ><div id=\"panel-1368-3-0-0\" class=\"so-panel widget widget_sow-editor panel-first-child panel-last-child\" data-index=\"4\" ><div\n\t\t\t\n\t\t\tclass=\"so-widget-sow-editor so-widget-sow-editor-base\"\n\t\t\t\n\t\t>\n<div class=\"siteorigin-widget-tinymce textwidget\">\n\t<p>En IMPEROBRAS, creemos que es nuestra responsabilidad como empresa l\u00edder en servicios de impermeabilizaci\u00f3n y mantenimiento no solo proporcionar soluciones de alta calidad, sino tambi\u00e9n hacerlo de una manera que proteja y preserve nuestro precioso entorno natural. Juntos, podemos construir un futuro m\u00e1s verde y pr\u00f3spero para las generaciones venideras.<\/p>\n<p>\u00a1Gracias por considerar nuestra propuesta ecol\u00f3gica!<\/p>\n<p>Esta propuesta destaca el compromiso de la empresa con la protecci\u00f3n del medio ambiente y la pr\u00e1ctica de la sustentabilidad en todas las \u00e1reas de su negocio, desde el uso de materiales eco-amigables hasta la participaci\u00f3n en iniciativas comunitarias.<\/p>\n<p>.<\/p>\n<\/div>\n<\/div><\/div><\/div><\/div><\/div>","protected":false},"excerpt":{"rendered":"<p>En IMPEROBRAS, estamos firmemente comprometidos con la protecci\u00f3n del medio ambiente y la pr\u00e1ctica de la sustentabilidad en todas nuestras operaciones. Reconocemos la importancia de reducir nuestro impacto ambiental y trabajar hacia un futuro m\u00e1s verde y sostenible. Por ello, nos complace presentar nuestra propuesta ecol\u00f3gica para nuestros servicios de impermeabilizaci\u00f3n y mantenimiento.<\/p>\n","protected":false},"author":2,"featured_media":0,"parent":0,"menu_order":0,"comment_status":"closed","ping_status":"closed","template":"","meta":{"_acf_changed":false,"nf_dc_page":"","om_disable_all_campaigns":false,"_monsterinsights_skip_tracking":false,"_monsterinsights_sitenote_active":false,"_monsterinsights_sitenote_note":"","_monsterinsights_sitenote_category":0,"footnotes":""},"class_list":["post-1368","page","type-page","status-publish","hentry"],"acf":[],"jetpack_sharing_enabled":true,"_links":{"self":[{"href":"https:\/\/byronabril.com\/imperobras\/wp-json\/wp\/v2\/pages\/1368","targetHints":{"allow":["GET"]}}],"collection":[{"href":"https:\/\/byronabril.com\/imperobras\/wp-json\/wp\/v2\/pages"}],"about":[{"href":"https:\/\/byronabril.com\/imperobras\/wp-json\/wp\/v2\/types\/page"}],"author":[{"embeddable":true,"href":"https:\/\/byronabril.com\/imperobras\/wp-json\/wp\/v2\/users\/2"}],"replies":[{"embeddable":true,"href":"https:\/\/byronabril.com\/imperobras\/wp-json\/wp\/v2\/comments?post=1368"}],"version-history":[{"count":5,"href":"https:\/\/byronabril.com\/imperobras\/wp-json\/wp\/v2\/pages\/1368\/revisions"}],"predecessor-version":[{"id":1379,"href":"https:\/\/byronabril.com\/imperobras\/wp-json\/wp\/v2\/pages\/1368\/revisions\/1379"}],"wp:attachment":[{"href":"https:\/\/byronabril.com\/imperobras\/wp-json\/wp\/v2\/media?parent=1368"}],"curies":[{"name":"wp","href":"https:\/\/api.w.org\/{rel}","templated":true}]}}