{"id":1324,"date":"2024-05-06T19:09:53","date_gmt":"2024-05-06T19:09:53","guid":{"rendered":"https:\/\/byronabril.com\/imperobras\/?page_id=1324"},"modified":"2024-05-06T19:11:03","modified_gmt":"2024-05-06T19:11:03","slug":"mantos","status":"publish","type":"page","link":"https:\/\/byronabril.com\/imperobras\/mantos\/","title":{"rendered":"Mantos asf\u00e1lticos"},"content":{"rendered":"<div id=\"pl-1324\"  class=\"panel-layout\" ><div id=\"pg-1324-0\"  class=\"panel-grid panel-no-style\" ><div id=\"pgc-1324-0-0\"  class=\"panel-grid-cell\" ><div id=\"panel-1324-0-0-0\" class=\"so-panel widget widget_sow-editor panel-first-child\" data-index=\"0\" ><div\n\t\t\t\n\t\t\tclass=\"so-widget-sow-editor so-widget-sow-editor-base\"\n\t\t\t\n\t\t>\n<div class=\"siteorigin-widget-tinymce textwidget\">\n\t<p><img data-recalc-dims=\"1\" loading=\"lazy\" decoding=\"async\" class=\"alignnone wp-image-1309 size-full\" src=\"https:\/\/i0.wp.com\/byronabril.com\/imperobras\/wp-content\/uploads\/2024\/05\/manto-asfaltico-2.jpg?resize=1020%2C300&#038;ssl=1\" alt=\"\" width=\"1020\" height=\"300\" srcset=\"https:\/\/i0.wp.com\/byronabril.com\/imperobras\/wp-content\/uploads\/2024\/05\/manto-asfaltico-2.jpg?w=1020&amp;ssl=1 1020w, https:\/\/i0.wp.com\/byronabril.com\/imperobras\/wp-content\/uploads\/2024\/05\/manto-asfaltico-2.jpg?resize=300%2C88&amp;ssl=1 300w, https:\/\/i0.wp.com\/byronabril.com\/imperobras\/wp-content\/uploads\/2024\/05\/manto-asfaltico-2.jpg?resize=768%2C226&amp;ssl=1 768w, https:\/\/i0.wp.com\/byronabril.com\/imperobras\/wp-content\/uploads\/2024\/05\/manto-asfaltico-2.jpg?resize=540%2C159&amp;ssl=1 540w, https:\/\/i0.wp.com\/byronabril.com\/imperobras\/wp-content\/uploads\/2024\/05\/manto-asfaltico-2.jpg?resize=600%2C176&amp;ssl=1 600w\" sizes=\"auto, (max-width: 1020px) 100vw, 1020px\" \/><\/p>\n<\/div>\n<\/div><\/div><div id=\"panel-1324-0-0-1\" class=\"so-panel widget widget_pw_open_position widget-open-position panel-last-child\" data-index=\"1\" ><div\n\t\t\t\n\t\t\tclass=\"so-widget-pw_open_position so-widget-pw_open_position-base\"\n\t\t\t\n\t\t>\n<div id=\"panel-1324-0-0-1\" class=\"so-panel widget widget_pw_open_position widget-open-position panel-last-child\" data-index=\"1\" >\t<div class=\"open-position\">\n\t\t<div class=\"open-position__content-container\">\n\t\t\t\t\t\t\t<h3 class=\"open-position__title\">\n\t\t\t\t\tMantos asf\u00e1lticos\t\t\t\t<\/h3>\n\t\t\t\t\t\t<div class=\"open-position__date\">\n\t\t\t\t\t\t\t<\/div>\n\t\t\t<div class=\"open-position__content\">\n\t\t\t\t<div class=\"flex flex-grow flex-col max-w-full\">\n<div class=\"min-h-[20px] text-message flex flex-col items-start whitespace-pre-wrap break-words [.text-message+&amp;]:mt-5 overflow-x-auto gap-3\" dir=\"auto\" data-message-author-role=\"assistant\" data-message-id=\"91a36b32-e991-4c6d-8bde-742ae2357d60\">\n<div class=\"markdown prose w-full break-words dark:prose-invert dark\">\n\nEl manto asf\u00e1ltico es un material ampliamente utilizado en la impermeabilizaci\u00f3n de diversas estructuras debido a su durabilidad y resistencia a la intemperie. Consiste en una l\u00e1mina flexible compuesta por una base de fieltro o fibra de vidrio impregnada con asfalto modificado. Este asfalto modificado con pol\u00edmeros le confiere propiedades adicionales de elasticidad y adherencia, lo que permite que el manto asf\u00e1ltico se adapte a las irregularidades de la superficie y se adhiera de manera efectiva a sustratos como concreto, madera o metal.\n\n<\/div>\n<\/div>\n<\/div>\n<div class=\"collapse\" id=\"collapse-widget-0-0-1\">Adem\u00e1s de su capacidad para resistir la penetraci\u00f3n del agua, el manto asf\u00e1ltico tambi\u00e9n proporciona protecci\u00f3n contra los rayos UV y la abrasi\u00f3n, lo que lo convierte en una opci\u00f3n vers\u00e1til y confiable para la impermeabilizaci\u00f3n de techos, terrazas, cimientos y otras estructuras expuestas a la intemperie.<span id=\"more-339\"><\/span>\t\t\t\t\t<\/div>\n\t\t\t\t\t<p>\n\t\t\t\t\t<a class=\"read-more\" data-toggle=\"collapse\" id=\"collapse-link-widget-0-0-1\" href=\"#collapse-widget-0-0-1\" aria-expanded=\"false\" aria-controls=\"collapse-widget-0-0-1\"><i class=\"fa fa-plus\"><\/i> Read more<\/a>\n\t\t\t\t\t<\/p>\n\t\t\t\t\t\t\t<\/div>\n\t\t<\/div>\n\t\t<div class=\"open-position__details\">\n\t\t\t<h4 class=\"open-position__details-title\">Info<\/h4>\n\t\t\t\t\t\t\t<div class=\"open-position__details-item\">\n\t\t\t\t\t<span class=\"open-position__details-item-icon\"><span class=\"sow-icon-fontawesome sow-fas\" data-sow-icon=\"&#xf015;\"\n\t\t \n\t\taria-hidden=\"true\"><\/span><\/span><span class=\"open-position__details-item-text\">Terrazas<\/span>\n\t\t\t\t<\/div>\n\t\t\t\t\t\t\t<div class=\"open-position__details-item\">\n\t\t\t\t\t<span class=\"open-position__details-item-icon\"><span class=\"sow-icon-fontawesome sow-fas\" data-sow-icon=\"&#xe4b6;\"\n\t\t \n\t\taria-hidden=\"true\"><\/span><\/span><span class=\"open-position__details-item-text\">Terrazas<\/span>\n\t\t\t\t<\/div>\n\t\t\t\t\t\t\t<div class=\"open-position__details-item\">\n\t\t\t\t\t<span class=\"open-position__details-item-icon\"><span class=\"sow-icon-fontawesome sow-fas\" data-sow-icon=\"&#xf554;\"\n\t\t \n\t\taria-hidden=\"true\"><\/span><\/span><span class=\"open-position__details-item-text\">Alto tr\u00e1fico<\/span>\n\t\t\t\t<\/div>\n\t\t\t\t\t<\/div>\n\t<\/div>\n\n\t<script type=\"text\/javascript\">\n\t\tjQuery( '#collapse-widget-0-0-1' ).on( 'shown.bs.collapse' , function() {\n\t\t\tjQuery( '#collapse-link-widget-0-0-1' ).html( '<i class=\"fa fa-minus\"><\/i> Close' );\n\t\t});\n\t\tjQuery( '#collapse-widget-0-0-1' ).on( 'hidden.bs.collapse', function() {\n\t\t\tjQuery( '#collapse-link-widget-0-0-1' ).html( '<i class=\"fa fa-plus\"><\/i> Read more' );\n\t\t});\n\t<\/script>\n\n<\/div><\/div><\/div><\/div><\/div><\/div>","protected":false},"excerpt":{"rendered":"<p>Mantos asf\u00e1lticos El manto asf\u00e1ltico es un material ampliamente utilizado en la impermeabilizaci\u00f3n de diversas estructuras debido a su durabilidad y resistencia a la intemperie. Consiste en una l\u00e1mina flexible compuesta por una base de fieltro o fibra de vidrio impregnada con asfalto modificado. Este asfalto modificado con pol\u00edmeros le confiere propiedades adicionales de elasticidad &hellip;<\/p>\n","protected":false},"author":1,"featured_media":0,"parent":0,"menu_order":0,"comment_status":"closed","ping_status":"closed","template":"","meta":{"_acf_changed":false,"nf_dc_page":"","om_disable_all_campaigns":false,"_monsterinsights_skip_tracking":false,"_monsterinsights_sitenote_active":false,"_monsterinsights_sitenote_note":"","_monsterinsights_sitenote_category":0,"footnotes":""},"class_list":["post-1324","page","type-page","status-publish","hentry"],"acf":[],"jetpack_sharing_enabled":true,"_links":{"self":[{"href":"https:\/\/byronabril.com\/imperobras\/wp-json\/wp\/v2\/pages\/1324","targetHints":{"allow":["GET"]}}],"collection":[{"href":"https:\/\/byronabril.com\/imperobras\/wp-json\/wp\/v2\/pages"}],"about":[{"href":"https:\/\/byronabril.com\/imperobras\/wp-json\/wp\/v2\/types\/page"}],"author":[{"embeddable":true,"href":"https:\/\/byronabril.com\/imperobras\/wp-json\/wp\/v2\/users\/1"}],"replies":[{"embeddable":true,"href":"https:\/\/byronabril.com\/imperobras\/wp-json\/wp\/v2\/comments?post=1324"}],"version-history":[{"count":2,"href":"https:\/\/byronabril.com\/imperobras\/wp-json\/wp\/v2\/pages\/1324\/revisions"}],"predecessor-version":[{"id":1326,"href":"https:\/\/byronabril.com\/imperobras\/wp-json\/wp\/v2\/pages\/1324\/revisions\/1326"}],"wp:attachment":[{"href":"https:\/\/byronabril.com\/imperobras\/wp-json\/wp\/v2\/media?parent=1324"}],"curies":[{"name":"wp","href":"https:\/\/api.w.org\/{rel}","templated":true}]}}